{"id":1072,"date":"2014-06-17T21:04:08","date_gmt":"2014-06-17T19:04:08","guid":{"rendered":"http:\/\/schuetzenverein-hemsen.de\/?page_id=1072"},"modified":"2014-06-17T21:05:41","modified_gmt":"2014-06-17T19:05:41","slug":"thron-20142015-konig-alexander-vos","status":"publish","type":"page","link":"http:\/\/schuetzenverein-hemsen.de\/?page_id=1072","title":{"rendered":"Thron 2014\/2015 : K\u00f6nig  Alexander Vo\u00df"},"content":{"rendered":"<p>Der Thron 2014\/2015: (v.l.n.r.) Nicole Gels und Michael Held, K\u00f6nigin Jennifer Vo\u00df und K\u00f6nig Alexander Vo\u00df, Christine Gorny und Thomas Brink, Wiebke Hermes und Michael Vo\u00df<\/p>\n<p><a href=\"http:\/\/schuetzenverein-hemsen.de\/wordpress\/wp-content\/uploads\/2014\/06\/IMG_3181kopie1.jpg\"><img loading=\"lazy\" decoding=\"async\" class=\"alignleft size-full wp-image-1073\" alt=\"IMG_3181kopie1\" src=\"http:\/\/schuetzenverein-hemsen.de\/wordpress\/wp-content\/uploads\/2014\/06\/IMG_3181kopie1.jpg\" width=\"800\" height=\"565\" srcset=\"http:\/\/schuetzenverein-hemsen.de\/wordpress\/wp-content\/uploads\/2014\/06\/IMG_3181kopie1.jpg 800w, http:\/\/schuetzenverein-hemsen.de\/wordpress\/wp-content\/uploads\/2014\/06\/IMG_3181kopie1-300x211.jpg 300w\" sizes=\"auto, (max-width: 800px) 100vw, 800px\" \/><\/a><\/p>\n","protected":false},"excerpt":{"rendered":"<p>Der Thron 2014\/2015: (v.l.n.r.) Nicole Gels und Michael Held, K\u00f6nigin Jennifer Vo\u00df und K\u00f6nig Alexander Vo\u00df, Christine Gorny und Thomas Brink, Wiebke Hermes und Michael Vo\u00df<\/p>\n","protected":false},"author":1,"featured_media":0,"parent":80,"menu_order":0,"comment_status":"closed","ping_status":"closed","template":"","meta":{"footnotes":""},"class_list":["post-1072","page","type-page","status-publish","hentry"],"_links":{"self":[{"href":"http:\/\/schuetzenverein-hemsen.de\/index.php?rest_route=\/wp\/v2\/pages\/1072","targetHints":{"allow":["GET"]}}],"collection":[{"href":"http:\/\/schuetzenverein-hemsen.de\/index.php?rest_route=\/wp\/v2\/pages"}],"about":[{"href":"http:\/\/schuetzenverein-hemsen.de\/index.php?rest_route=\/wp\/v2\/types\/page"}],"author":[{"embeddable":true,"href":"http:\/\/schuetzenverein-hemsen.de\/index.php?rest_route=\/wp\/v2\/users\/1"}],"replies":[{"embeddable":true,"href":"http:\/\/schuetzenverein-hemsen.de\/index.php?rest_route=%2Fwp%2Fv2%2Fcomments&post=1072"}],"version-history":[{"count":5,"href":"http:\/\/schuetzenverein-hemsen.de\/index.php?rest_route=\/wp\/v2\/pages\/1072\/revisions"}],"predecessor-version":[{"id":1080,"href":"http:\/\/schuetzenverein-hemsen.de\/index.php?rest_route=\/wp\/v2\/pages\/1072\/revisions\/1080"}],"up":[{"embeddable":true,"href":"http:\/\/schuetzenverein-hemsen.de\/index.php?rest_route=\/wp\/v2\/pages\/80"}],"wp:attachment":[{"href":"http:\/\/schuetzenverein-hemsen.de\/index.php?rest_route=%2Fwp%2Fv2%2Fmedia&parent=1072"}],"curies":[{"name":"wp","href":"https:\/\/api.w.org\/{rel}","templated":true}]}}