{"id":605,"date":"2013-10-17T20:15:53","date_gmt":"2013-10-17T18:15:53","guid":{"rendered":"http:\/\/schuetzenverein-hemsen.de\/wordpress\/?page_id=605"},"modified":"2013-10-17T22:10:12","modified_gmt":"2013-10-17T20:10:12","slug":"thron-20052006-konig-dieter-i","status":"publish","type":"page","link":"http:\/\/schuetzenverein-hemsen.de\/?page_id=605","title":{"rendered":"Thron 2005\/2006: K\u00f6nig Dieter I."},"content":{"rendered":"<p><strong>Der Sch\u00fctzenthron 2005\/2006 (v. l. n. r.):<\/strong> Nikola Jansing, Dieter Br\u00fcning, Sabine und Uwe Fehrmann, Bernhard und Beate Leffers, K\u00f6nigspaar Dieter und Esther Leffers, Sylvia und G\u00fcnter Kollmer, Simone und Thomas Brink, Kerstin und Ingo Wiggelinghoff.<\/p>\n<p><a href=\"http:\/\/schuetzenverein-hemsen.de\/wordpress\/wp-content\/uploads\/2013\/10\/Thron2005-2006_Chronik-Hemsen_Innenteil_RZ_2012-04.jpg\"><img loading=\"lazy\" decoding=\"async\" class=\"aligncenter size-full wp-image-847\" alt=\"Thron2005-2006_Chronik-Hemsen_Innenteil_RZ_2012-04\" src=\"http:\/\/schuetzenverein-hemsen.de\/wordpress\/wp-content\/uploads\/2013\/10\/Thron2005-2006_Chronik-Hemsen_Innenteil_RZ_2012-04.jpg\" width=\"500\" height=\"269\" srcset=\"http:\/\/schuetzenverein-hemsen.de\/wordpress\/wp-content\/uploads\/2013\/10\/Thron2005-2006_Chronik-Hemsen_Innenteil_RZ_2012-04.jpg 500w, http:\/\/schuetzenverein-hemsen.de\/wordpress\/wp-content\/uploads\/2013\/10\/Thron2005-2006_Chronik-Hemsen_Innenteil_RZ_2012-04-300x161.jpg 300w\" sizes=\"auto, (max-width: 500px) 100vw, 500px\" \/><\/a><\/p>\n","protected":false},"excerpt":{"rendered":"<p>Der Sch\u00fctzenthron 2005\/2006 (v. l. n. r.): Nikola Jansing, Dieter Br\u00fcning, Sabine und Uwe Fehrmann, Bernhard und Beate Leffers, K\u00f6nigspaar Dieter und Esther Leffers, Sylvia und G\u00fcnter Kollmer, Simone und Thomas Brink, Kerstin und Ingo Wiggelinghoff.<\/p>\n","protected":false},"author":1,"featured_media":0,"parent":80,"menu_order":0,"comment_status":"closed","ping_status":"closed","template":"","meta":{"footnotes":""},"class_list":["post-605","page","type-page","status-publish","hentry"],"_links":{"self":[{"href":"http:\/\/schuetzenverein-hemsen.de\/index.php?rest_route=\/wp\/v2\/pages\/605","targetHints":{"allow":["GET"]}}],"collection":[{"href":"http:\/\/schuetzenverein-hemsen.de\/index.php?rest_route=\/wp\/v2\/pages"}],"about":[{"href":"http:\/\/schuetzenverein-hemsen.de\/index.php?rest_route=\/wp\/v2\/types\/page"}],"author":[{"embeddable":true,"href":"http:\/\/schuetzenverein-hemsen.de\/index.php?rest_route=\/wp\/v2\/users\/1"}],"replies":[{"embeddable":true,"href":"http:\/\/schuetzenverein-hemsen.de\/index.php?rest_route=%2Fwp%2Fv2%2Fcomments&post=605"}],"version-history":[{"count":5,"href":"http:\/\/schuetzenverein-hemsen.de\/index.php?rest_route=\/wp\/v2\/pages\/605\/revisions"}],"predecessor-version":[{"id":660,"href":"http:\/\/schuetzenverein-hemsen.de\/index.php?rest_route=\/wp\/v2\/pages\/605\/revisions\/660"}],"up":[{"embeddable":true,"href":"http:\/\/schuetzenverein-hemsen.de\/index.php?rest_route=\/wp\/v2\/pages\/80"}],"wp:attachment":[{"href":"http:\/\/schuetzenverein-hemsen.de\/index.php?rest_route=%2Fwp%2Fv2%2Fmedia&parent=605"}],"curies":[{"name":"wp","href":"https:\/\/api.w.org\/{rel}","templated":true}]}}