{"id":70,"date":"2013-10-10T08:23:30","date_gmt":"2013-10-10T08:23:30","guid":{"rendered":"http:\/\/schuetzenverein-hemsen.de\/wordpress\/?page_id=70"},"modified":"2013-10-14T20:18:30","modified_gmt":"2013-10-14T18:18:30","slug":"kompanie-5-holthausen","status":"publish","type":"page","link":"http:\/\/schuetzenverein-hemsen.de\/?page_id=70","title":{"rendered":"Kompanie 5 &#8211; Holthausen"},"content":{"rendered":"<p>Die 5. Kompanie des Sch\u00fctzenvereins Hemsen e. V. umfasst das Dorf Holthausen.<\/p>\n<p><strong>Holthausen<\/strong><br \/>\n(Text: Wilhelm Schnieders im Jahr 2012)<\/p>\n<p>Das Wasser, die Landwirtschaft und die ruhige Lage abseits von Durchgangsstra\u00dfen charakterisieren das Dorf Holthausen. In der ehemals selbstst\u00e4ndigen Gemeinde leben nur 154 Einwohner. Damit ist sie der kleinste Ortsteil Meppens. Holthausen liegt knapp sechs Kilometer n\u00f6rdlich des Stadtzentrums.<\/p>\n<p><a href=\"http:\/\/schuetzenverein-hemsen.de\/wordpress\/wp-content\/uploads\/2013\/10\/Kompanie5-Holthausen_Glockenturm_500px.jpg\"><img loading=\"lazy\" decoding=\"async\" class=\"aligncenter size-full wp-image-302\" alt=\"Kompanie5-Holthausen_Glockenturm_500px\" src=\"http:\/\/schuetzenverein-hemsen.de\/wordpress\/wp-content\/uploads\/2013\/10\/Kompanie5-Holthausen_Glockenturm_500px.jpg\" width=\"500\" height=\"330\" srcset=\"http:\/\/schuetzenverein-hemsen.de\/wordpress\/wp-content\/uploads\/2013\/10\/Kompanie5-Holthausen_Glockenturm_500px.jpg 500w, http:\/\/schuetzenverein-hemsen.de\/wordpress\/wp-content\/uploads\/2013\/10\/Kompanie5-Holthausen_Glockenturm_500px-300x198.jpg 300w\" sizes=\"auto, (max-width: 500px) 100vw, 500px\" \/><\/a>An den Ortseing\u00e4ngen der Holthausener Dorfstra\u00dfe weisen Begr\u00fc\u00dfungstafeln auf das Jubil\u00e4um &#8222;1000 Jahre Holthausen \u2013 Anno 2000&#8220; hin. Mit einer eindrucksvollen Feier haben die Einwohner Holthausens dieses am 03. und 04. Juni 2000 geb\u00fchrend gew\u00fcrdigt und dabei auch den neuen Glockenturm beim Ehrenmal eingeweiht. In der \u00e4ltesten Heberolle des Klosters Corvey, die nach \u00fcbereinstimmender Meinung der Forschung aus der zweiten H\u00e4lfte des 11. Jahrhunderts stammt und den Zustand zu Anfang des Jahrhunderts wiedergibt, taucht der Name &#8222;Holthausen&#8220; auf, der sich eindeutig auf Holthausen bei Meppen bezieht. Belegbare Daten aus den letzten Jahrhunderten sind in Holthausen kaum vorhanden. Belegt ist jedoch die Furt in der Ems zwischen Holthausen und Abbem\u00fchlen, die ihre Bedeutung mit der Fertigstellung der Emsbr\u00fccke Wesuwe im Jahr 1914 verlor.<\/p>\n<p>Im Jahr 1651 lebten in Holthausen nach einer Z\u00e4hlung des Kirchspiels Meppen 35 Einwohner. 1860 wurden hier zehn Feuerstellen (Haushalte) registriert. Bei der Gebietsreform 1974 hatte Holthausen 146 Einwohner und war damit die viertkleinste und mit 321 Hektar Fl\u00e4che die kleinste selbst\u00e4ndige Gemeinde im damaligen Landkreis Meppen. Wegen des geringen Anteils hochwasserfreier Fl\u00e4chen gab es nur sehr eingeschr\u00e4nkte M\u00f6glichkeiten f\u00fcr eine bauliche Entwicklung. 1967 wurde der Bebauungsplan &#8222;Osterfeld&#8220; aufgestellt. Erst 2003 wurde ein weiteres Baugebiet an der Schulstegstra\u00dfe erschlossen.<\/p>\n<p>Eine ma\u00dfvolle Weiterentwicklung der Wohnsiedlungsbereiche wird seitens der Stadt Meppen angestrebt. Die Ems, der Dortmund-Ems- Kanal mit dem Wehr in Holthausen pr\u00e4gen das Landschaftsbild um Holthausen. Der alte Dorfkern befindet sich auf einer Flugsandinsel des Emstals. Deutlich sichtbar ist die Struktur eines lockeren Haufendorfes. Die Bauernh\u00f6fe liegen relativ weit auseinander und werden von hochst\u00e4mmigen B\u00e4umen umgeben. Die Ortsmitte markiert der im Zuge der Dorfsanierung 2002 entstandene Brunnenplatz, der viele Radfahrer auf der Emslandroute zum Verweilen einl\u00e4dt. Um diesen gruppieren sich die HofsteIlen und die wenigen Wohnh\u00e4user.<\/p>\n<p>Weidefl\u00e4chen reichen bis in die Ortsmitte und verst\u00e4rken den l\u00e4ndlichen Charakter. Die Wohngebiete liegen etwas abseits vom alten Siedlungsraum. Durch die Dorferneuerung wurde das Ortsbild sichtbar aufgewertet. Auch wenn Holthausen zahlenm\u00e4\u00dfig klein ist, wird hier der Gemeinsinn besonders gro\u00df geschrieben. Die von der gesamten Bev\u00f6lkerung getragenen Ma\u00dfnahmen der Dorferneuerung haben bewiesen, dass sich die Holthausener als eine gro\u00dfe Familie verstehen. So wurde am 06. Mai 2001 der &#8222;Heimatverein Holthausen e. V.&#8220; gegr\u00fcndet. Satzungsgem\u00e4\u00df werden mit gro\u00dfem Engagement Heimat-, Traditions-, Brauchtums- und Kulturpflege sowie die Gestaltung des Ortsbildes gef\u00f6rdert und gepflegt.<\/p>\n<p>Hier einige der Ma\u00dfnahmen zur Dorferneuerung in den letzten Jahren:<\/p>\n<p style=\"padding-left: 30px;\"><strong>1999\/2000:<\/strong> Bau des Glockenturms, Bau des Bush\u00e4uschens Osterfeldstra\u00dfe<br \/>\n<strong>2001:<\/strong> Bau des Br\u00fcckengel\u00e4nders an der Holthausener Dorfstra\u00dfe<br \/>\n<strong>2002:<\/strong> Neugestaltung Dorfplatz mit Brunnen<br \/>\n<strong>2003:<\/strong> NeugestaltungWendehammer Osterfeldstra\u00dfe<br \/>\n<strong>2004\/2005:<\/strong> Bau der Rast- und Schutzh\u00fctte am Glockenturm und Bau des Bush\u00e4uschens am Dorfplatz<\/p>\n<p>Das ehemalige Wehrhaus beherbergt die Jugendbegegnungsst\u00e4tte der Vitus-Gemeinde &#8222;Haus am Wehr&#8220; in einladend ruhiger idyllischer Lage nahe der Ems. Der Angelsportverein &#8222;H\u00fcntel-Holthausen&#8220; bietet Petri-J\u00fcngern reichhaltige naturverbundene M\u00f6glichkeiten zur Aus\u00fcbung ihres Hobbys an der Ems.<\/p>\n<p>Zum Gedenken der Gefallenen beider Weltkriege mahnt das Ehrenmal an der Kreuzung Holthausener Dorfstra\u00dfe\/Schulstegstra\u00dfe. Dieses wurde am 14. November 1976 eingeweiht. Es war als Ersatz f\u00fcr das alte Ehrenmal an der Hofstelle Hake aus dem Jahr 1925 neu aufgestellt worden. Im Ersten Weltkrieg und im Zweiten Weltkrieg sind jeweils sechs Einwohner aus Holthausen gefallen oder vermisst. Seit 1983 wird im j\u00e4hrlichen Wechsel mit H\u00fcntel der Opfer beider Weltkriege und der Gefallenen der Orte in einer Trauerfeier gedacht.<\/p>\n","protected":false},"excerpt":{"rendered":"<p>Die 5. Kompanie des Sch\u00fctzenvereins Hemsen e. V. umfasst das Dorf Holthausen. Holthausen (Text: Wilhelm Schnieders im Jahr 2012) Das Wasser, die Landwirtschaft und die ruhige Lage abseits von Durchgangsstra\u00dfen charakterisieren das Dorf Holthausen. In der ehemals selbstst\u00e4ndigen Gemeinde leben &hellip; <a href=\"http:\/\/schuetzenverein-hemsen.de\/?page_id=70\">Weiterlesen <span class=\"meta-nav\">&rarr;<\/span><\/a><\/p>\n","protected":false},"author":1,"featured_media":0,"parent":7,"menu_order":0,"comment_status":"closed","ping_status":"closed","template":"","meta":{"footnotes":""},"class_list":["post-70","page","type-page","status-publish","hentry"],"_links":{"self":[{"href":"http:\/\/schuetzenverein-hemsen.de\/index.php?rest_route=\/wp\/v2\/pages\/70","targetHints":{"allow":["GET"]}}],"collection":[{"href":"http:\/\/schuetzenverein-hemsen.de\/index.php?rest_route=\/wp\/v2\/pages"}],"about":[{"href":"http:\/\/schuetzenverein-hemsen.de\/index.php?rest_route=\/wp\/v2\/types\/page"}],"author":[{"embeddable":true,"href":"http:\/\/schuetzenverein-hemsen.de\/index.php?rest_route=\/wp\/v2\/users\/1"}],"replies":[{"embeddable":true,"href":"http:\/\/schuetzenverein-hemsen.de\/index.php?rest_route=%2Fwp%2Fv2%2Fcomments&post=70"}],"version-history":[{"count":9,"href":"http:\/\/schuetzenverein-hemsen.de\/index.php?rest_route=\/wp\/v2\/pages\/70\/revisions"}],"predecessor-version":[{"id":301,"href":"http:\/\/schuetzenverein-hemsen.de\/index.php?rest_route=\/wp\/v2\/pages\/70\/revisions\/301"}],"up":[{"embeddable":true,"href":"http:\/\/schuetzenverein-hemsen.de\/index.php?rest_route=\/wp\/v2\/pages\/7"}],"wp:attachment":[{"href":"http:\/\/schuetzenverein-hemsen.de\/index.php?rest_route=%2Fwp%2Fv2%2Fmedia&parent=70"}],"curies":[{"name":"wp","href":"https:\/\/api.w.org\/{rel}","templated":true}]}}