{"id":72,"date":"2013-10-10T08:24:33","date_gmt":"2013-10-10T08:24:33","guid":{"rendered":"http:\/\/schuetzenverein-hemsen.de\/wordpress\/?page_id=72"},"modified":"2024-03-26T15:26:16","modified_gmt":"2024-03-26T13:26:16","slug":"festlichkeiten","status":"publish","type":"page","link":"http:\/\/schuetzenverein-hemsen.de\/?page_id=72","title":{"rendered":"Festlichkeiten"},"content":{"rendered":"<p>Der Sch\u00fctzenverein Hemsen e. V. tr\u00e4gt mit seinen Vereinsfesten zum harmonischen Zusammenleben in den Nordgemeinden bei und h\u00e4lt gleichzeitig alte Festtraditionen in Ehren.<\/p>\n<p>Das Hemsener <strong>Winterfest<\/strong> wird immer am dritten Samstag im Januar gefeiert. N\u00e4here Infos finden Sie <a title=\"Winterfest\" href=\"http:\/\/schuetzenverein-hemsen.de\/wordpress\/?page_id=76\">HIER<\/a>.<\/p>\n<p>Unser traditionelles <strong>Sch\u00fctzenfest<\/strong> wird immer am zweiten Wochenende im Juni gefeiert. N\u00e4here Infos finden Sie <a title=\"Sch\u00fctzenfest\" href=\"http:\/\/schuetzenverein-hemsen.de\/wordpress\/?page_id=74\">HIER<\/a>.<\/p>\n<p>In jedem Jahr wird auf dem Sch\u00fctzenfest beim traditionellen Adlerschie\u00dfen ein neuer K\u00f6nig ausgeschossen, der mit seiner K\u00f6nigin und seinem Throngefolge die Sch\u00fctzenbruderschaft ein Jahr lang regiert. N\u00e4here Infos zur Hemsener K\u00f6nigstradition und eine Liste aller ehemaligen &#8222;Regenten&#8220; finden Sie <a title=\"K\u00f6nigspaare und Throne\" href=\"http:\/\/schuetzenverein-hemsen.de\/wordpress\/?page_id=80\">HIER<\/a>.<\/p>\n","protected":false},"excerpt":{"rendered":"<p>Der Sch\u00fctzenverein Hemsen e. V. tr\u00e4gt mit seinen Vereinsfesten zum harmonischen Zusammenleben in den Nordgemeinden bei und h\u00e4lt gleichzeitig alte Festtraditionen in Ehren. Das Hemsener Winterfest wird immer am dritten Samstag im Januar gefeiert. N\u00e4here Infos finden Sie HIER. Unser &hellip; <a href=\"http:\/\/schuetzenverein-hemsen.de\/?page_id=72\">Weiterlesen <span class=\"meta-nav\">&rarr;<\/span><\/a><\/p>\n","protected":false},"author":1,"featured_media":0,"parent":0,"menu_order":40,"comment_status":"closed","ping_status":"closed","template":"","meta":{"footnotes":""},"class_list":["post-72","page","type-page","status-publish","hentry"],"_links":{"self":[{"href":"http:\/\/schuetzenverein-hemsen.de\/index.php?rest_route=\/wp\/v2\/pages\/72","targetHints":{"allow":["GET"]}}],"collection":[{"href":"http:\/\/schuetzenverein-hemsen.de\/index.php?rest_route=\/wp\/v2\/pages"}],"about":[{"href":"http:\/\/schuetzenverein-hemsen.de\/index.php?rest_route=\/wp\/v2\/types\/page"}],"author":[{"embeddable":true,"href":"http:\/\/schuetzenverein-hemsen.de\/index.php?rest_route=\/wp\/v2\/users\/1"}],"replies":[{"embeddable":true,"href":"http:\/\/schuetzenverein-hemsen.de\/index.php?rest_route=%2Fwp%2Fv2%2Fcomments&post=72"}],"version-history":[{"count":9,"href":"http:\/\/schuetzenverein-hemsen.de\/index.php?rest_route=\/wp\/v2\/pages\/72\/revisions"}],"predecessor-version":[{"id":1714,"href":"http:\/\/schuetzenverein-hemsen.de\/index.php?rest_route=\/wp\/v2\/pages\/72\/revisions\/1714"}],"wp:attachment":[{"href":"http:\/\/schuetzenverein-hemsen.de\/index.php?rest_route=%2Fwp%2Fv2%2Fmedia&parent=72"}],"curies":[{"name":"wp","href":"https:\/\/api.w.org\/{rel}","templated":true}]}}