{"id":76,"date":"2013-10-10T08:25:08","date_gmt":"2013-10-10T08:25:08","guid":{"rendered":"http:\/\/schuetzenverein-hemsen.de\/wordpress\/?page_id=76"},"modified":"2024-03-19T09:48:26","modified_gmt":"2024-03-19T07:48:26","slug":"winterfest","status":"publish","type":"page","link":"http:\/\/schuetzenverein-hemsen.de\/?page_id=76","title":{"rendered":"Winterfest"},"content":{"rendered":"<p>Das Jahr beginnt f\u00fcr die Hemsener Sch\u00fctzenbr\u00fcder traditionell mit dem Winterfest, das immer am dritten Sonnabend im Januar gefeiert wird. Das Hemsener Winterfest ist als Tanzabend mit gro\u00dfer Tombola allj\u00e4hrlich immer wieder ein gro\u00dfer Erfolg und bei der Bev\u00f6lkerung der Nordgemeinden sehr beliebt. Circa 300 Teilnehmer feiern in jedem Jahr mit, wobei besonders die Jugend immer stark vertreten ist. Der Saal ist meist bis auf den letzten Platz besetzt.<\/p>\n<p>W\u00e4hrend des Winterfestes werden an verdiente Sch\u00fctzenbr\u00fcder besondere Ehrenorden (&#8222;Horrido-Orden&#8220;) vergeben und die Vereinsmeister des vergangenen Jahres mit einem Pr\u00e4sentkorb ausgezeichnet. Das Tragen der Sch\u00fctzenuniform ist f\u00fcr die Sch\u00fctzenbr\u00fcder beim Winterfest zwar keine Pflicht, es sollte allerdings auch ohne offizielle Anweisung eigentlich selbstverst\u00e4ndlich sein. Sollte beispielsweise ein Sch\u00fctze ohne Uniform anwesend sein, der f\u00fcr die Verleihung eines Ehrenordens vorgesehen ist, wird diese Auszeichnung nicht vorgenommen. Geehrt wird tats\u00e4chlich nur, wer auch in Sch\u00fctzenuniform anwesend is.<\/p>\n","protected":false},"excerpt":{"rendered":"<p>Das Jahr beginnt f\u00fcr die Hemsener Sch\u00fctzenbr\u00fcder traditionell mit dem Winterfest, das immer am dritten Sonnabend im Januar gefeiert wird. Das Hemsener Winterfest ist als Tanzabend mit gro\u00dfer Tombola allj\u00e4hrlich immer wieder ein gro\u00dfer Erfolg und bei der Bev\u00f6lkerung der &hellip; <a href=\"http:\/\/schuetzenverein-hemsen.de\/?page_id=76\">Weiterlesen <span class=\"meta-nav\">&rarr;<\/span><\/a><\/p>\n","protected":false},"author":1,"featured_media":0,"parent":72,"menu_order":0,"comment_status":"closed","ping_status":"closed","template":"","meta":{"footnotes":""},"class_list":["post-76","page","type-page","status-publish","hentry"],"_links":{"self":[{"href":"http:\/\/schuetzenverein-hemsen.de\/index.php?rest_route=\/wp\/v2\/pages\/76","targetHints":{"allow":["GET"]}}],"collection":[{"href":"http:\/\/schuetzenverein-hemsen.de\/index.php?rest_route=\/wp\/v2\/pages"}],"about":[{"href":"http:\/\/schuetzenverein-hemsen.de\/index.php?rest_route=\/wp\/v2\/types\/page"}],"author":[{"embeddable":true,"href":"http:\/\/schuetzenverein-hemsen.de\/index.php?rest_route=\/wp\/v2\/users\/1"}],"replies":[{"embeddable":true,"href":"http:\/\/schuetzenverein-hemsen.de\/index.php?rest_route=%2Fwp%2Fv2%2Fcomments&post=76"}],"version-history":[{"count":7,"href":"http:\/\/schuetzenverein-hemsen.de\/index.php?rest_route=\/wp\/v2\/pages\/76\/revisions"}],"predecessor-version":[{"id":1706,"href":"http:\/\/schuetzenverein-hemsen.de\/index.php?rest_route=\/wp\/v2\/pages\/76\/revisions\/1706"}],"up":[{"embeddable":true,"href":"http:\/\/schuetzenverein-hemsen.de\/index.php?rest_route=\/wp\/v2\/pages\/72"}],"wp:attachment":[{"href":"http:\/\/schuetzenverein-hemsen.de\/index.php?rest_route=%2Fwp%2Fv2%2Fmedia&parent=76"}],"curies":[{"name":"wp","href":"https:\/\/api.w.org\/{rel}","templated":true}]}}