{"id":952,"date":"2013-11-04T13:11:58","date_gmt":"2013-11-04T11:11:58","guid":{"rendered":"http:\/\/schuetzenverein-hemsen.de\/wordpress\/?page_id=952"},"modified":"2019-01-24T16:02:31","modified_gmt":"2019-01-24T14:02:31","slug":"mitgliedsantrag","status":"publish","type":"page","link":"http:\/\/schuetzenverein-hemsen.de\/?page_id=952","title":{"rendered":"Mitgliedsantrag"},"content":{"rendered":"<p><strong>MITGLIEDSCHAFT IM SCH\u00dcTZENVEREIN HEMSEN e. V.<\/strong><\/p>\n<p>Im Sch\u00fctzenverein Hemsen e. V. kann generell jede m\u00e4nnliche Person ab 18 Jahren Mitglied werden. Drucken Sie dazu einfach die unten verlinkte PDF-Datei aus und lassen Sie den fertig ausgef\u00fcllten Mitgliedsantrag einem unserer Vorstandsmitglieder zukommen (Kontakt siehe <a title=\"Vorstand\" href=\"http:\/\/schuetzenverein-hemsen.de\/wordpress\/?page_id=18\">HIER<\/a>). Die letztg\u00fcltige Aufnahme des Antragstellers in den Verein geschieht durch Zustimmung des Vorstands und der Mitgliederversammlung.<\/p>\n<p><a href=\"http:\/\/schuetzenverein-hemsen.de\/wordpress\/wp-content\/uploads\/2019\/01\/Aufnahmeantrag-neu.pdf\">Aufnahmeantrag 2019<\/a><\/p>\n<p><a href=\"http:\/\/schuetzenverein-hemsen.de\/wordpress\/wp-content\/uploads\/2019\/01\/SEPA-Vordruck.pdf\">SEPA Vordruck<\/a><\/p>\n","protected":false},"excerpt":{"rendered":"<p>MITGLIEDSCHAFT IM SCH\u00dcTZENVEREIN HEMSEN e. V. Im Sch\u00fctzenverein Hemsen e. V. kann generell jede m\u00e4nnliche Person ab 18 Jahren Mitglied werden. Drucken Sie dazu einfach die unten verlinkte PDF-Datei aus und lassen Sie den fertig ausgef\u00fcllten Mitgliedsantrag einem unserer Vorstandsmitglieder &hellip; <a href=\"http:\/\/schuetzenverein-hemsen.de\/?page_id=952\">Weiterlesen <span class=\"meta-nav\">&rarr;<\/span><\/a><\/p>\n","protected":false},"author":1,"featured_media":0,"parent":34,"menu_order":0,"comment_status":"closed","ping_status":"closed","template":"","meta":{"footnotes":""},"class_list":["post-952","page","type-page","status-publish","hentry"],"_links":{"self":[{"href":"http:\/\/schuetzenverein-hemsen.de\/index.php?rest_route=\/wp\/v2\/pages\/952","targetHints":{"allow":["GET"]}}],"collection":[{"href":"http:\/\/schuetzenverein-hemsen.de\/index.php?rest_route=\/wp\/v2\/pages"}],"about":[{"href":"http:\/\/schuetzenverein-hemsen.de\/index.php?rest_route=\/wp\/v2\/types\/page"}],"author":[{"embeddable":true,"href":"http:\/\/schuetzenverein-hemsen.de\/index.php?rest_route=\/wp\/v2\/users\/1"}],"replies":[{"embeddable":true,"href":"http:\/\/schuetzenverein-hemsen.de\/index.php?rest_route=%2Fwp%2Fv2%2Fcomments&post=952"}],"version-history":[{"count":6,"href":"http:\/\/schuetzenverein-hemsen.de\/index.php?rest_route=\/wp\/v2\/pages\/952\/revisions"}],"predecessor-version":[{"id":1552,"href":"http:\/\/schuetzenverein-hemsen.de\/index.php?rest_route=\/wp\/v2\/pages\/952\/revisions\/1552"}],"up":[{"embeddable":true,"href":"http:\/\/schuetzenverein-hemsen.de\/index.php?rest_route=\/wp\/v2\/pages\/34"}],"wp:attachment":[{"href":"http:\/\/schuetzenverein-hemsen.de\/index.php?rest_route=%2Fwp%2Fv2%2Fmedia&parent=952"}],"curies":[{"name":"wp","href":"https:\/\/api.w.org\/{rel}","templated":true}]}}