{"id":438,"date":"2013-10-17T17:51:47","date_gmt":"2013-10-17T15:51:47","guid":{"rendered":"http:\/\/schuetzenverein-hemsen.de\/wordpress\/?page_id=438"},"modified":"2013-10-17T21:33:43","modified_gmt":"2013-10-17T19:33:43","slug":"thron-19621963-konig-heinz-i","status":"publish","type":"page","link":"https:\/\/schuetzenverein-hemsen.de\/?page_id=438","title":{"rendered":"Thron 1962\/1963: K\u00f6nig Heinz I."},"content":{"rendered":"<p><strong>Der Sch\u00fctzenthron 1962\/1963 (v. l. n. r.):<\/strong> \u00c4nne Rolfes, Bernhard M\u00fcller, K\u00f6nigin Maria M\u00fcller, K\u00f6nig Heinz Rolfes, Maria Tenbruck, Gerhard Cremering, Anni Cremering, Theo Tenbruck. Da Bernhard M\u00fcller sp\u00e4ter t\u00f6dlich verungl\u00fcckte, war im zweiten Regentschaftsjahr Josef Klaas mit auf dem Thron. K\u00f6nigin wurde im Folgejahr Franziska Klaas.<\/p>\n<p><a href=\"http:\/\/schuetzenverein-hemsen.de\/wordpress\/wp-content\/uploads\/2013\/10\/Thron1962-1963_Chronik-Hemsen_Innenteil_RZ_2012-04.jpg\"><img loading=\"lazy\" decoding=\"async\" class=\"aligncenter size-full wp-image-715\" alt=\"Thron1962-1963_Chronik-Hemsen_Innenteil_RZ_2012-04\" src=\"http:\/\/schuetzenverein-hemsen.de\/wordpress\/wp-content\/uploads\/2013\/10\/Thron1962-1963_Chronik-Hemsen_Innenteil_RZ_2012-04.jpg\" width=\"500\" height=\"340\" srcset=\"https:\/\/schuetzenverein-hemsen.de\/wordpress\/wp-content\/uploads\/2013\/10\/Thron1962-1963_Chronik-Hemsen_Innenteil_RZ_2012-04.jpg 500w, https:\/\/schuetzenverein-hemsen.de\/wordpress\/wp-content\/uploads\/2013\/10\/Thron1962-1963_Chronik-Hemsen_Innenteil_RZ_2012-04-300x204.jpg 300w\" sizes=\"auto, (max-width: 500px) 100vw, 500px\" \/><\/a><\/p>\n","protected":false},"excerpt":{"rendered":"<p>Der Sch\u00fctzenthron 1962\/1963 (v. l. n. r.): \u00c4nne Rolfes, Bernhard M\u00fcller, K\u00f6nigin Maria M\u00fcller, K\u00f6nig Heinz Rolfes, Maria Tenbruck, Gerhard Cremering, Anni Cremering, Theo Tenbruck. Da Bernhard M\u00fcller sp\u00e4ter t\u00f6dlich verungl\u00fcckte, war im zweiten Regentschaftsjahr Josef Klaas mit auf dem &hellip; <a href=\"https:\/\/schuetzenverein-hemsen.de\/?page_id=438\">Weiterlesen <span class=\"meta-nav\">&rarr;<\/span><\/a><\/p>\n","protected":false},"author":1,"featured_media":0,"parent":80,"menu_order":0,"comment_status":"closed","ping_status":"closed","template":"","meta":{"footnotes":""},"class_list":["post-438","page","type-page","status-publish","hentry"],"_links":{"self":[{"href":"https:\/\/schuetzenverein-hemsen.de\/index.php?rest_route=\/wp\/v2\/pages\/438","targetHints":{"allow":["GET"]}}],"collection":[{"href":"https:\/\/schuetzenverein-hemsen.de\/index.php?rest_route=\/wp\/v2\/pages"}],"about":[{"href":"https:\/\/schuetzenverein-hemsen.de\/index.php?rest_route=\/wp\/v2\/types\/page"}],"author":[{"embeddable":true,"href":"https:\/\/schuetzenverein-hemsen.de\/index.php?rest_route=\/wp\/v2\/users\/1"}],"replies":[{"embeddable":true,"href":"https:\/\/schuetzenverein-hemsen.de\/index.php?rest_route=%2Fwp%2Fv2%2Fcomments&post=438"}],"version-history":[{"count":5,"href":"https:\/\/schuetzenverein-hemsen.de\/index.php?rest_route=\/wp\/v2\/pages\/438\/revisions"}],"predecessor-version":[{"id":469,"href":"https:\/\/schuetzenverein-hemsen.de\/index.php?rest_route=\/wp\/v2\/pages\/438\/revisions\/469"}],"up":[{"embeddable":true,"href":"https:\/\/schuetzenverein-hemsen.de\/index.php?rest_route=\/wp\/v2\/pages\/80"}],"wp:attachment":[{"href":"https:\/\/schuetzenverein-hemsen.de\/index.php?rest_route=%2Fwp%2Fv2%2Fmedia&parent=438"}],"curies":[{"name":"wp","href":"https:\/\/api.w.org\/{rel}","templated":true}]}}