{"id":7,"date":"2013-10-10T09:13:47","date_gmt":"2013-10-10T07:13:47","guid":{"rendered":"http:\/\/schuetzenverein-hemsen.de\/wordpress\/?page_id=7"},"modified":"2013-11-08T16:18:10","modified_gmt":"2013-11-08T14:18:10","slug":"unser-verein","status":"publish","type":"page","link":"https:\/\/schuetzenverein-hemsen.de\/?page_id=7","title":{"rendered":"Unser Verein"},"content":{"rendered":"<p>Der Sch\u00fctzenverein Hemsen e. V. umfasst die vier &#8222;Nordgemeinden&#8220; der Stadt Meppen, die Ortsteile Hemsen, H\u00fcntel, Borken und Holthausen. Unser Verein ist Mitglied in der &#8222;Vereinigten Sch\u00fctzenbruderschaft Meppen&#8220; und mit mehr als 400 Mitgliedern einer der mitgliederst\u00e4rksten Vereine im Altkreis.<\/p>\n<p>Die vier Ortsteile sind in insgesamt 5 Kompanien aufgeteilt (klicken Sie einfach auf die einzelnen Kompanienamen um mehr zu erfahren):<br \/>\n&#8211; <a title=\"Kompanie 1 \u2013 Hemsen-Dorf\" href=\"http:\/\/schuetzenverein-hemsen.de\/wordpress\/?page_id=58\">Kompanie 1: Hemsen &#8211; Dorf\/Lambertus\/M\u00fchle\/Lehmkuhle<\/a><br \/>\n&#8211; <a title=\"Kompanie 2 \u2013 Hemsen Vogesen\/B70\" href=\"http:\/\/schuetzenverein-hemsen.de\/wordpress\/?page_id=63\">Kompanie 2: Hemsen &#8211; Vogesen\/B70<\/a><br \/>\n&#8211; <a title=\"Kompanie 3 \u2013 H\u00fcntel\" href=\"http:\/\/schuetzenverein-hemsen.de\/wordpress\/?page_id=68\">Kompanie 3: H\u00fcntel\/H\u00fcnensand<\/a><br \/>\n&#8211; <a title=\"Kompanie 4 \u2013 Borken\" href=\"http:\/\/schuetzenverein-hemsen.de\/wordpress\/?page_id=13\">Kompanie 4: Borken<\/a><br \/>\n&#8211; <a title=\"Kompanie 5 \u2013 Holthausen\" href=\"http:\/\/schuetzenverein-hemsen.de\/wordpress\/?page_id=70\">Kompanie 5: Holthausen<\/a><\/p>\n<p>Der Sch\u00fctzenverein Hemsen e. V. hat eine lange Tradition. Die Urspr\u00fcnge unseres Vereins gehen zur\u00fcck bis in das Jahr 1912. Zur Feier des 100j\u00e4hrigen Bestehens wurde eine umfangreiche Vereinschronik in Buchform erstellt, in der die Geschichte des Vereins auf 246 reich bebilderten Seiten detailliert dargelegt ist. Diese Chronik ist noch erh\u00e4ltlich. Wenn Sie Interesse an der Geschichte des Sch\u00fctzenvereins Hemsen e. V. haben, dann klicken Sie bitte <a title=\"Chronik\" href=\"http:\/\/schuetzenverein-hemsen.de\/wordpress\/?page_id=56\">HIER<\/a>.<\/p>\n<p>Die Geschicke des Sch\u00fctzenvereins Hemsen e. V. werden vom Vorstand gelenkt. Informationen und Kontaktdaten zur Hemsener Vereinsf\u00fchrung finden Sie <a title=\"Vorstand\" href=\"http:\/\/schuetzenverein-hemsen.de\/wordpress\/?page_id=18\">HIER<\/a>.<\/p>\n","protected":false},"excerpt":{"rendered":"<p>Der Sch\u00fctzenverein Hemsen e. V. umfasst die vier &#8222;Nordgemeinden&#8220; der Stadt Meppen, die Ortsteile Hemsen, H\u00fcntel, Borken und Holthausen. Unser Verein ist Mitglied in der &#8222;Vereinigten Sch\u00fctzenbruderschaft Meppen&#8220; und mit mehr als 400 Mitgliedern einer der mitgliederst\u00e4rksten Vereine im Altkreis. &hellip; <a href=\"https:\/\/schuetzenverein-hemsen.de\/?page_id=7\">Weiterlesen <span class=\"meta-nav\">&rarr;<\/span><\/a><\/p>\n","protected":false},"author":1,"featured_media":0,"parent":0,"menu_order":10,"comment_status":"closed","ping_status":"closed","template":"","meta":{"footnotes":""},"class_list":["post-7","page","type-page","status-publish","hentry"],"_links":{"self":[{"href":"https:\/\/schuetzenverein-hemsen.de\/index.php?rest_route=\/wp\/v2\/pages\/7","targetHints":{"allow":["GET"]}}],"collection":[{"href":"https:\/\/schuetzenverein-hemsen.de\/index.php?rest_route=\/wp\/v2\/pages"}],"about":[{"href":"https:\/\/schuetzenverein-hemsen.de\/index.php?rest_route=\/wp\/v2\/types\/page"}],"author":[{"embeddable":true,"href":"https:\/\/schuetzenverein-hemsen.de\/index.php?rest_route=\/wp\/v2\/users\/1"}],"replies":[{"embeddable":true,"href":"https:\/\/schuetzenverein-hemsen.de\/index.php?rest_route=%2Fwp%2Fv2%2Fcomments&post=7"}],"version-history":[{"count":17,"href":"https:\/\/schuetzenverein-hemsen.de\/index.php?rest_route=\/wp\/v2\/pages\/7\/revisions"}],"predecessor-version":[{"id":972,"href":"https:\/\/schuetzenverein-hemsen.de\/index.php?rest_route=\/wp\/v2\/pages\/7\/revisions\/972"}],"wp:attachment":[{"href":"https:\/\/schuetzenverein-hemsen.de\/index.php?rest_route=%2Fwp%2Fv2%2Fmedia&parent=7"}],"curies":[{"name":"wp","href":"https:\/\/api.w.org\/{rel}","templated":true}]}}