{"id":931,"date":"2013-10-28T22:57:54","date_gmt":"2013-10-28T20:57:54","guid":{"rendered":"http:\/\/schuetzenverein-hemsen.de\/wordpress\/?page_id=931"},"modified":"2024-10-07T14:31:38","modified_gmt":"2024-10-07T12:31:38","slug":"die-60iger","status":"publish","type":"page","link":"https:\/\/schuetzenverein-hemsen.de\/?page_id=931","title":{"rendered":"Die &#8222;60iger&#8220;"},"content":{"rendered":"<p>Die &#8222;magische Zahl&#8220; f\u00fcr die Hemsener Sch\u00fctzen ist seit einem halben Jahrhundert die &#8222;60&#8220;, also die volle Ringzahl! Wer die 60 Ringe schafft, darf den &#8222;60er-Stern&#8220; an der Uniform tragen, einen der begehrtesten und sch\u00f6nsten Hemsener Orden. Die ersten drei Sch\u00fctzen, die diese Ringzahl auf dem Hemsener Schie\u00dfstand erreichten, waren Hermann Vo\u00df (am 11.09.1966), Hermann Schl\u00f6mer (am 02.07.1967) und Hans Wiggelinghoff (am 01.10.1967). Alle Sch\u00fctzen, die seitdem die &#8222;60&#8220; erreicht haben, werden bis heute mit dem entsprechenden Datum auf einer gro\u00dfen Ehrentafel im Schie\u00dfstand notiert.<\/p>\n<p>Nachfolgend finden Sie die Liste aller Hemsener &#8222;60iger-Sch\u00fctzen&#8220; auf dem Stand der letzten abgelaufenen Schie\u00dfsaison<\/p>\n<p>\u00a0<\/p>\n\n\n<div class=\"wp-block-file\"><a id=\"wp-block-file--media-a1877d09-7f36-4e20-900f-b5af6ef40e8c\" href=\"https:\/\/schuetzenverein-hemsen.de\/wordpress\/wp-content\/uploads\/2024\/10\/60erSchuetzenHemsen12-23.xlsx\">60erSchuetzenHemsen12-23<\/a><a href=\"https:\/\/schuetzenverein-hemsen.de\/wordpress\/wp-content\/uploads\/2024\/10\/60erSchuetzenHemsen12-23.xlsx\" class=\"wp-block-file__button wp-element-button\" download aria-describedby=\"wp-block-file--media-a1877d09-7f36-4e20-900f-b5af6ef40e8c\">Herunterladen<\/a><\/div>\n","protected":false},"excerpt":{"rendered":"<p>Die &#8222;magische Zahl&#8220; f\u00fcr die Hemsener Sch\u00fctzen ist seit einem halben Jahrhundert die &#8222;60&#8220;, also die volle Ringzahl! Wer die 60 Ringe schafft, darf den &#8222;60er-Stern&#8220; an der Uniform tragen, einen der begehrtesten und sch\u00f6nsten Hemsener Orden. Die ersten drei &hellip; <a href=\"https:\/\/schuetzenverein-hemsen.de\/?page_id=931\">Weiterlesen <span class=\"meta-nav\">&rarr;<\/span><\/a><\/p>\n","protected":false},"author":1,"featured_media":0,"parent":10,"menu_order":4,"comment_status":"closed","ping_status":"closed","template":"","meta":{"footnotes":""},"class_list":["post-931","page","type-page","status-publish","hentry"],"_links":{"self":[{"href":"https:\/\/schuetzenverein-hemsen.de\/index.php?rest_route=\/wp\/v2\/pages\/931","targetHints":{"allow":["GET"]}}],"collection":[{"href":"https:\/\/schuetzenverein-hemsen.de\/index.php?rest_route=\/wp\/v2\/pages"}],"about":[{"href":"https:\/\/schuetzenverein-hemsen.de\/index.php?rest_route=\/wp\/v2\/types\/page"}],"author":[{"embeddable":true,"href":"https:\/\/schuetzenverein-hemsen.de\/index.php?rest_route=\/wp\/v2\/users\/1"}],"replies":[{"embeddable":true,"href":"https:\/\/schuetzenverein-hemsen.de\/index.php?rest_route=%2Fwp%2Fv2%2Fcomments&post=931"}],"version-history":[{"count":15,"href":"https:\/\/schuetzenverein-hemsen.de\/index.php?rest_route=\/wp\/v2\/pages\/931\/revisions"}],"predecessor-version":[{"id":1781,"href":"https:\/\/schuetzenverein-hemsen.de\/index.php?rest_route=\/wp\/v2\/pages\/931\/revisions\/1781"}],"up":[{"embeddable":true,"href":"https:\/\/schuetzenverein-hemsen.de\/index.php?rest_route=\/wp\/v2\/pages\/10"}],"wp:attachment":[{"href":"https:\/\/schuetzenverein-hemsen.de\/index.php?rest_route=%2Fwp%2Fv2%2Fmedia&parent=931"}],"curies":[{"name":"wp","href":"https:\/\/api.w.org\/{rel}","templated":true}]}}